{"id":295,"date":"2022-10-15T03:36:51","date_gmt":"2022-10-15T03:36:51","guid":{"rendered":"https:\/\/alvaroferreiraleiloeiro.com.br\/?page_id=295"},"modified":"2024-02-06T20:34:39","modified_gmt":"2024-02-06T20:34:39","slug":"carros-motos-2","status":"publish","type":"page","link":"https:\/\/alvaroferreiraleiloeiro.com.br\/index.php\/carros-motos-2\/","title":{"rendered":"Carros &#038; Motos"},"content":{"rendered":"\t\t<div data-elementor-type=\"wp-page\" data-elementor-id=\"295\" class=\"elementor elementor-295\">\n\t\t\t\t\t\t<section class=\"elementor-section elementor-top-section elementor-element elementor-element-95463ac elementor-section-boxed elementor-section-height-default elementor-section-height-default wpr-particle-no wpr-jarallax-no wpr-parallax-no wpr-sticky-section-no wpr-equal-height-no\" data-id=\"95463ac\" data-element_type=\"section\" data-e-type=\"section\">\n\t\t\t\t\t\t<div class=\"elementor-container elementor-column-gap-default\">\n\t\t\t\t\t<div class=\"elementor-column elementor-col-100 elementor-top-column elementor-element elementor-element-5ddacc7\" data-id=\"5ddacc7\" data-element_type=\"column\" data-e-type=\"column\">\n\t\t\t<div class=\"elementor-widget-wrap elementor-element-populated\">\n\t\t\t\t\t\t<div class=\"elementor-element elementor-element-e84180f elementor-widget elementor-widget-heading\" data-id=\"e84180f\" data-element_type=\"widget\" data-e-type=\"widget\" data-widget_type=\"heading.default\">\n\t\t\t\t<div class=\"elementor-widget-container\">\n\t\t\t\t\t<h1 class=\"elementor-heading-title elementor-size-default\">Leil\u00e3o de Carros &amp; Motos<\/h1>\t\t\t\t<\/div>\n\t\t\t\t<\/div>\n\t\t\t\t<div class=\"elementor-element elementor-element-54d8b21 elementor-widget elementor-widget-text-editor\" data-id=\"54d8b21\" data-element_type=\"widget\" data-e-type=\"widget\" data-widget_type=\"text-editor.default\">\n\t\t\t\t<div class=\"elementor-widget-container\">\n\t\t\t\t\t\t\t\t\t<p>Bem-vindo ao nosso leil\u00e3o de autom\u00f3veis. Aqui, voc\u00ea encontrar\u00e1 uma sele\u00e7\u00e3o incr\u00edvel de ve\u00edculos prontos para encontrar seus novos propriet\u00e1rios. Explore e participe dos nossos leil\u00f5es para descobrir oportunidades emocionantes de adquirir o carro dos seus sonhos.<\/p>\t\t\t\t\t\t\t\t<\/div>\n\t\t\t\t<\/div>\n\t\t\t\t<section class=\"elementor-section elementor-inner-section elementor-element elementor-element-64e6394 elementor-section-boxed elementor-section-height-default elementor-section-height-default wpr-particle-no wpr-jarallax-no wpr-parallax-no wpr-sticky-section-no wpr-equal-height-no\" data-id=\"64e6394\" data-element_type=\"section\" data-e-type=\"section\">\n\t\t\t\t\t\t<div class=\"elementor-container elementor-column-gap-default\">\n\t\t\t\t\t<div class=\"elementor-column elementor-col-50 elementor-inner-column elementor-element elementor-element-a824017\" data-id=\"a824017\" data-element_type=\"column\" data-e-type=\"column\">\n\t\t\t<div class=\"elementor-widget-wrap elementor-element-populated\">\n\t\t\t\t\t\t<div class=\"elementor-element elementor-element-0ca475f elementor-widget elementor-widget-heading\" data-id=\"0ca475f\" data-element_type=\"widget\" data-e-type=\"widget\" data-widget_type=\"heading.default\">\n\t\t\t\t<div class=\"elementor-widget-container\">\n\t\t\t\t\t<h3 class=\"elementor-heading-title elementor-size-default\">Registre-se aqui para n\u00e3o perder nossos leil\u00f5es.<\/h3>\t\t\t\t<\/div>\n\t\t\t\t<\/div>\n\t\t\t\t\t<\/div>\n\t\t<\/div>\n\t\t\t\t<div class=\"elementor-column elementor-col-50 elementor-inner-column elementor-element elementor-element-5b0e39c\" data-id=\"5b0e39c\" data-element_type=\"column\" data-e-type=\"column\">\n\t\t\t<div class=\"elementor-widget-wrap elementor-element-populated\">\n\t\t\t\t\t\t<div class=\"elementor-element elementor-element-6ba83bb elementor-align-center elementor-widget elementor-widget-button\" data-id=\"6ba83bb\" data-element_type=\"widget\" data-e-type=\"widget\" data-widget_type=\"button.default\">\n\t\t\t\t<div class=\"elementor-widget-container\">\n\t\t\t\t\t\t\t\t\t<div class=\"elementor-button-wrapper\">\n\t\t\t\t\t<a class=\"elementor-button elementor-button-link elementor-size-sm\" href=\"https:\/\/chat.whatsapp.com\/E0frwLj1wIo80mIvHuTspG\">\n\t\t\t\t\t\t<span class=\"elementor-button-content-wrapper\">\n\t\t\t\t\t\t\t\t\t<span class=\"elementor-button-text\">Clique aqui<\/span>\n\t\t\t\t\t<\/span>\n\t\t\t\t\t<\/a>\n\t\t\t\t<\/div>\n\t\t\t\t\t\t\t\t<\/div>\n\t\t\t\t<\/div>\n\t\t\t\t\t<\/div>\n\t\t<\/div>\n\t\t\t\t\t<\/div>\n\t\t<\/section>\n\t\t\t\t<div class=\"elementor-element elementor-element-3006ce2 elementor-grid-eael-col-4 elementor-grid-tablet-eael-col-2 elementor-grid-mobile-eael-col-1 elementor-widget elementor-widget-eael-post-grid\" data-id=\"3006ce2\" data-element_type=\"widget\" data-e-type=\"widget\" data-settings=\"{&quot;eael_post_grid_columns&quot;:&quot;eael-col-4&quot;,&quot;eael_post_grid_columns_tablet&quot;:&quot;eael-col-2&quot;,&quot;eael_post_grid_columns_mobile&quot;:&quot;eael-col-1&quot;}\" data-widget_type=\"eael-post-grid.default\">\n\t\t\t\t<div class=\"elementor-widget-container\">\n\t\t\t\t\t<div id=\"eael-post-grid-3006ce2\" class=\"eael-post-grid-container\">\n            <div class=\"eael-post-grid eael-post-appender eael-post-appender-3006ce2 eael-post-grid-style-one\" data-layout-mode=\"grid\"><article class=\"eael-grid-post  eael-post-grid-column eael-pg-post-413 category-carros-e-motos\" data-id=\"413\">\n        <div class=\"eael-grid-post-holder\">\n            <div class=\"eael-grid-post-holder-inner\"><div class=\"eael-entry-media\"><div class=\"eael-entry-overlay fade-in\"><i class=\"fas fa-long-arrow-alt-right\" aria-hidden=\"true\"><\/i><a href=\"https:\/\/alvaroferreiraleiloeiro.com.br\/index.php\/2022\/11\/21\/leilao-de-caminhoes-usados\/\"><\/a><\/div><div class=\"eael-entry-thumbnail eael-image-ratio\">\n                <img decoding=\"async\" width=\"300\" height=\"58\" src=\"https:\/\/alvaroferreiraleiloeiro.com.br\/wp-content\/uploads\/2022\/10\/Untitled-design-4-e1665854962865-300x58.png\" class=\"attachment-medium size-medium wp-image-359\" alt=\"\" srcset=\"https:\/\/alvaroferreiraleiloeiro.com.br\/wp-content\/uploads\/2022\/10\/Untitled-design-4-e1665854962865-300x58.png 300w, https:\/\/alvaroferreiraleiloeiro.com.br\/wp-content\/uploads\/2022\/10\/Untitled-design-4-e1665854962865.png 500w\" sizes=\"(max-width: 300px) 100vw, 300px\" \/>\n            <\/div>\n        <\/div><div class=\"eael-entry-wrapper\"><header class=\"eael-entry-header\"><h2 class=\"eael-entry-title\"><a class=\"eael-grid-post-link\" href=\"https:\/\/alvaroferreiraleiloeiro.com.br\/index.php\/2022\/11\/21\/leilao-de-caminhoes-usados\/\" title=\"Leil\u00e3o de Caminh\u00f5es Usados\">Leil\u00e3o de Caminh\u00f5es Usados<\/a><\/h2><\/header><div class=\"eael-entry-content\">\n                        <div class=\"eael-grid-post-excerpt\"><p>Leil\u00e3o de Caminh\u00f5es Usados 25\/11\/17...<\/p><a href=\"https:\/\/alvaroferreiraleiloeiro.com.br\/index.php\/2022\/11\/21\/leilao-de-caminhoes-usados\/\" class=\"eael-post-elements-readmore-btn\">Leia Mais<\/a><\/div>\n                    <\/div><div class=\"eael-entry-footer\"><div class=\"eael-entry-meta\"><\/div><\/div><\/div><\/div>\n        <\/div>\n    <\/article><\/div>\n            <div class=\"clearfix\"><\/div>\n        <\/div>\t\t\t\t<\/div>\n\t\t\t\t<\/div>\n\t\t\t\t\t<\/div>\n\t\t<\/div>\n\t\t\t\t\t<\/div>\n\t\t<\/section>\n\t\t\t\t<\/div>\n\t\t","protected":false},"excerpt":{"rendered":"<p>Leil\u00e3o de Carros &#038; Motos Bem-vindo ao nosso leil\u00e3o de autom\u00f3veis. Aqui, voc\u00ea encontrar\u00e1 uma sele\u00e7\u00e3o incr\u00edvel de ve\u00edculos prontos para encontrar seus novos propriet\u00e1rios. Explore e participe dos nossos leil\u00f5es para descobrir oportunidades emocionantes de adquirir o carro dos seus sonhos. Registre-se aqui para n\u00e3o perder nossos leil\u00f5es. Clique aqui Leil\u00e3o de Caminh\u00f5es Usados Leil\u00e3o de Caminh\u00f5es Usados 25\/11\/17&#8230; Leia Mais<\/p>\n","protected":false},"author":1,"featured_media":0,"parent":0,"menu_order":0,"comment_status":"closed","ping_status":"closed","template":"elementor_canvas","meta":{"footnotes":""},"class_list":["post-295","page","type-page","status-publish","hentry"],"_links":{"self":[{"href":"https:\/\/alvaroferreiraleiloeiro.com.br\/index.php\/wp-json\/wp\/v2\/pages\/295","targetHints":{"allow":["GET"]}}],"collection":[{"href":"https:\/\/alvaroferreiraleiloeiro.com.br\/index.php\/wp-json\/wp\/v2\/pages"}],"about":[{"href":"https:\/\/alvaroferreiraleiloeiro.com.br\/index.php\/wp-json\/wp\/v2\/types\/page"}],"author":[{"embeddable":true,"href":"https:\/\/alvaroferreiraleiloeiro.com.br\/index.php\/wp-json\/wp\/v2\/users\/1"}],"replies":[{"embeddable":true,"href":"https:\/\/alvaroferreiraleiloeiro.com.br\/index.php\/wp-json\/wp\/v2\/comments?post=295"}],"version-history":[{"count":13,"href":"https:\/\/alvaroferreiraleiloeiro.com.br\/index.php\/wp-json\/wp\/v2\/pages\/295\/revisions"}],"predecessor-version":[{"id":2200,"href":"https:\/\/alvaroferreiraleiloeiro.com.br\/index.php\/wp-json\/wp\/v2\/pages\/295\/revisions\/2200"}],"wp:attachment":[{"href":"https:\/\/alvaroferreiraleiloeiro.com.br\/index.php\/wp-json\/wp\/v2\/media?parent=295"}],"curies":[{"name":"wp","href":"https:\/\/api.w.org\/{rel}","templated":true}]}}

<div data-elementor-type="wp-page" data-elementor-id="295" class="elementor elementor-295">
						<section class="elementor-section elementor-top-section elementor-element elementor-element-95463ac elementor-section-boxed elementor-section-height-default elementor-section-height-default wpr-particle-no wpr-jarallax-no wpr-parallax-no wpr-sticky-section-no wpr-equal-height-no" data-id="95463ac" data-element_type="section" data-e-type="section">
						<div class="elementor-container elementor-column-gap-default">
					<div class="elementor-column elementor-col-100 elementor-top-column elementor-element elementor-element-5ddacc7" data-id="5ddacc7" data-element_type="column" data-e-type="column">
			<div class="elementor-widget-wrap elementor-element-populated">
						<div class="elementor-element elementor-element-e84180f elementor-widget elementor-widget-heading" data-id="e84180f" data-element_type="widget" data-e-type="widget" data-widget_type="heading.default">
				<div class="elementor-widget-container">
					<h1 class="elementor-heading-title elementor-size-default">Leilão de Carros &amp; Motos</h1>				</div>
				</div>
				<div class="elementor-element elementor-element-54d8b21 elementor-widget elementor-widget-text-editor" data-id="54d8b21" data-element_type="widget" data-e-type="widget" data-widget_type="text-editor.default">
				<div class="elementor-widget-container">
									<p>Bem-vindo ao nosso leilão de automóveis. Aqui, você encontrará uma seleção incrível de veículos prontos para encontrar seus novos proprietários. Explore e participe dos nossos leilões para descobrir oportunidades emocionantes de adquirir o carro dos seus sonhos.</p>								</div>
				</div>
				<section class="elementor-section elementor-inner-section elementor-element elementor-element-64e6394 elementor-section-boxed elementor-section-height-default elementor-section-height-default wpr-particle-no wpr-jarallax-no wpr-parallax-no wpr-sticky-section-no wpr-equal-height-no" data-id="64e6394" data-element_type="section" data-e-type="section">
						<div class="elementor-container elementor-column-gap-default">
					<div class="elementor-column elementor-col-50 elementor-inner-column elementor-element elementor-element-a824017" data-id="a824017" data-element_type="column" data-e-type="column">
			<div class="elementor-widget-wrap elementor-element-populated">
						<div class="elementor-element elementor-element-0ca475f elementor-widget elementor-widget-heading" data-id="0ca475f" data-element_type="widget" data-e-type="widget" data-widget_type="heading.default">
				<div class="elementor-widget-container">
					<h3 class="elementor-heading-title elementor-size-default">Registre-se aqui para não perder nossos leilões.</h3>				</div>
				</div>
					</div>
		</div>
				<div class="elementor-column elementor-col-50 elementor-inner-column elementor-element elementor-element-5b0e39c" data-id="5b0e39c" data-element_type="column" data-e-type="column">
			<div class="elementor-widget-wrap elementor-element-populated">
						<div class="elementor-element elementor-element-6ba83bb elementor-align-center elementor-widget elementor-widget-button" data-id="6ba83bb" data-element_type="widget" data-e-type="widget" data-widget_type="button.default">
				<div class="elementor-widget-container">
									<div class="elementor-button-wrapper">
					<a class="elementor-button elementor-button-link elementor-size-sm" href="https://chat.whatsapp.com/E0frwLj1wIo80mIvHuTspG">
						<span class="elementor-button-content-wrapper">
									<span class="elementor-button-text">Clique aqui</span>
					</span>
					</a>
				</div>
								</div>
				</div>
					</div>
		</div>
					</div>
		</section>
				<div class="elementor-element elementor-element-3006ce2 elementor-grid-eael-col-4 elementor-grid-tablet-eael-col-2 elementor-grid-mobile-eael-col-1 elementor-widget elementor-widget-eael-post-grid" data-id="3006ce2" data-element_type="widget" data-e-type="widget" data-settings="{&quot;eael_post_grid_columns&quot;:&quot;eael-col-4&quot;,&quot;eael_post_grid_columns_tablet&quot;:&quot;eael-col-2&quot;,&quot;eael_post_grid_columns_mobile&quot;:&quot;eael-col-1&quot;}" data-widget_type="eael-post-grid.default">
				<div class="elementor-widget-container">
					<div id="eael-post-grid-3006ce2" class="eael-post-grid-container">
            <div class="eael-post-grid eael-post-appender eael-post-appender-3006ce2 eael-post-grid-style-one" data-layout-mode="grid"><article class="eael-grid-post  eael-post-grid-column eael-pg-post-413 category-carros-e-motos" data-id="413">
        <div class="eael-grid-post-holder">
            <div class="eael-grid-post-holder-inner"><div class="eael-entry-media"><div class="eael-entry-overlay fade-in"><i class="fas fa-long-arrow-alt-right" aria-hidden="true"></i><a href="https://alvaroferreiraleiloeiro.com.br/index.php/2022/11/21/leilao-de-caminhoes-usados/"></a></div><div class="eael-entry-thumbnail eael-image-ratio">
                <img decoding="async" width="300" height="58" src="https://alvaroferreiraleiloeiro.com.br/wp-content/uploads/2022/10/Untitled-design-4-e1665854962865-300x58.png" class="attachment-medium size-medium wp-image-359" alt="" srcset="https://alvaroferreiraleiloeiro.com.br/wp-content/uploads/2022/10/Untitled-design-4-e1665854962865-300x58.png 300w, https://alvaroferreiraleiloeiro.com.br/wp-content/uploads/2022/10/Untitled-design-4-e1665854962865.png 500w" sizes="(max-width: 300px) 100vw, 300px" />
            </div>
        </div><div class="eael-entry-wrapper"><header class="eael-entry-header"><h2 class="eael-entry-title"><a class="eael-grid-post-link" href="https://alvaroferreiraleiloeiro.com.br/index.php/2022/11/21/leilao-de-caminhoes-usados/" title="Leilão de Caminhões Usados">Leilão de Caminhões Usados</a></h2></header><div class="eael-entry-content">
                        <div class="eael-grid-post-excerpt"><p>Leilão de Caminhões Usados 25/11/17...</p><a href="https://alvaroferreiraleiloeiro.com.br/index.php/2022/11/21/leilao-de-caminhoes-usados/" class="eael-post-elements-readmore-btn">Leia Mais</a></div>
                    </div><div class="eael-entry-footer"><div class="eael-entry-meta"></div></div></div></div>
        </div>
    </article></div>
            <div class="clearfix"></div>
        </div>				</div>
				</div>
					</div>
		</div>
					</div>
		</section>
				</div>

<p>Leilão de Carros &#038; Motos Bem-vindo ao nosso leilão de automóveis. Aqui, você encontrará uma seleção incrível de veículos prontos para encontrar seus novos proprietários. Explore e participe dos nossos leilões para descobrir oportunidades emocionantes de adquirir o carro dos seus sonhos. Registre-se aqui para não perder nossos leilões. Clique aqui Leilão de Caminhões Usados Leilão de Caminhões Usados 25/11/17&#8230; Leia Mais</p>
